e third derivative of -b**5/30 - b**4/8 + 2*b**3/3 - 34*b**2. Determine r(h).
-5
Let z(i) be the second derivative of i**8/6720 - i**7/2520 - i**6/360 - i**4/6 - 3*i. Let j(y) be the third derivative of z(y). What is j(2)?
0
Let g(v) be the second derivative of -v**3/6 - 2*v. Calculate g(-4).
4
Suppose -5*l = 3 + 7. Let k(c) be the second derivative of c**4/24 - c**3/3 + 2*c**2 - 4*c. Let f(v) be the first derivative of k(v). What is f(l)?
-4
Let p = 141 - 143. Let v(r) = r**3 + 4*r**2 + 2*r + 3. What is v(p)?
7
Let i = -25 + 22. Let v(o) = o**3 + 4*o**2 + 2*o - 2. Give v(i).
1
Let u = 12 + -21. Let t = 14 + u. Let f(y) = y - 3. Give f(t).
2
Let y(z) = -2 - 2 + 5*z - 3 + 6. Give y(-2).
-11
Let n(y) = -57*y + 4 + 108*y - 53*y. Determine n(-3).
10
Let a(c) = c + 11. Let d be a(-16). Let v(b) = b**2 + 6*b - 5. Determine v(d).
-10
Let h(s) = -4 + s + 5 + 1 + 3. Determine h(6).
11
Let w = 20 - 30. Let d be w/(-15)*(-8 - -2). Let x(v) = v - 1. Give x(d).
-5
Let r(h) = 3 - 6*h - 1 + 7*h. Determine r(-3).
-1
Suppose 0 = -5*s + 3*s + 40. Let u be (-7)/4 + (-5)/s. Let h(r) be the first derivative of r**2/2 - 1. Give h(u).
-2
Let c(g) = -g**3 - 3*g**2 + 2*g. Let d(y) = y**3 + 2*y**2 - 2*y - 1. Let m(j) = -2*c(j) - 3*d(j). What is m(3)?
-18
Suppose -2*x - 28 = 2*x. Let v(b) = b**3 + 6*b**2 - 7*b + 8. Give v(x).
8
Let m(l) = 5*l - 6*l - 3*l + l**2 - 4. What is m(4)?
-4
Let b(y) = 3*y + 5. Suppose f + 6*l + 10 = 4*l, 3*f - 4*l = 0. What is b(f)?
-7
Suppose 3*h = -5*s - 2*h + 10, 3*h - 16 = 2*s. Let y be (1 - 1)/(3 + s). Let r(p) be the first derivative of -p**3/3 + p**2/2 - 5*p - 13. Calculate r(y).
-5
Suppose -w - 5*p = -0 + 16, -4*w + 8 = 2*p. Let i(l) = 15*l - 5. Let n(k) = 3*k - 1. Let y(c) = i(c) - 4*n(c). Give y(w).
11
Let b(j) = -j. Suppose -5*x = 2*f - 3 - 0, 3*x - f = 4. Suppose -2*w - 22 = -2*h, -4*w + x = 5*h - 0. Give b(w).
6
Suppose -4*l + 12 = -0*l. Let x(a) = 3. Let r(f) = -f + 4. Let k(m) = 3*r(m) - 3*x(m). Determine k(l).
-6
Let s(r) be the first derivative of r**5/120 + r**4/6 + r**3/3 + 3. Let a(t) be the third derivative of s(t). Give a(-5).
-1
Let x(p) be the first derivative of p**3/3 + 2*p**2 - 2*p - 1. Let l(s) = -16*s**2. Let z be l(-1). Let v = 11 + z. Calculate x(v).
3
Let o(h) = h**2 - 4*h - 7. Suppose 5*a + 10 = 35. Suppose -2*m = -0*m + a*f + 3, -5*m - 4*f + 35 = 0. Suppose 5*z - 4*z - m = -3*w, -3*w = 4*z - 26. Give o(z).
-2
Let c(l) = 0*l - 12 - l - l + 3*l. What is c(6)?
-6
Let f be ((-1)/3 - 0)*-9. Let u(y) = -4*y - 3. Calculate u(f).
-15
Let y(c) = -c**2 - 9*c + 25. Let g be y(-11). Let l(h) be the second derivative of 0 - 7/6*h**3 + 1/2*h**2 - g*h. What is l(1)?
-6
Let n(f) = f + 2. Suppose 6*y = 8*y - 24. Suppose 2*a = -y + 4. What is n(a)?
-2
Let p(v) = v**2 - 1. Let b(q) = 7*q**2 + 3*q - 6. Let i = 58 + -170. Let z be i/(-18) + 8/(-36). Let j(o) = z*p(o) - b(o). What is j(-5)?
-10
Let o(k) = k + 4 + 2*k**2 - 2*k**3 - 3*k**2 - k**3 + 4*k**3. What is o(0)?
4
Suppose 4*k - 42 = 5*w, 2*k - 7 - 3 = -3*w. Let g be (0 + 3)*k/6. Let z(y) be the first derivative of -y**2/2 + 4*y - 2. Determine z(g).
0
Let h(v) be the second derivative of -v**6/720 + v**5/24 + 5*v**4/12 - 2*v. Let w(b) be the third derivative of h(b). Give w(4).
1
Let f(o) be the first derivative of -9*o**2/2 + o + 11. Give f(1).
-8
Let c(s) be the first derivative of -2 + 0*s**4 - 2*s**2 - 3*s + 1/6*s**3 + 1/20*s**5. Let n(h) be the first derivative of c(h). Determine n(0).
-4
Let b(r) = 2*r - 2. Let p = -7 + 11. Let c be (0 - 1)*p/(-1). Suppose i + 0*i = c. What is b(i)?
6
Let f(x) = -3*x**2 + 5 + 0*x**2 + x**2 + x**2 + x. Give f(0).
5
Suppose 2*m = -0*m + 2. Let d = m + 1. Let j(v) = 4 - 4*v**2 - 2*v**3 + v**3 + d*v - v. What is j(-4)?
0
Let r(v) be the third derivative of v**7/2520 - v**6/240 + v**5/60 + v**4/24 - 3*v**2. Let c(t) be the second derivative of r(t). Determine c(3).
2
Let i = 1 - 5. Let g(l) be the second derivative of l**4/12 + 2*l**3 - l**2 - 6*l. Let j(f) = -f**2 - 11*f + 2. Let c(y) = 6*g(y) + 7*j(y). Give c(i).
6
Let b(c) = -4*c**2 - 4*c + 1. Let v(y) = -y**2 - y. Let p(r) = b(r) - 3*v(r). Suppose 4*x = j + 10, 18 = 3*j - 8*j + 4*x. Determine p(j).
-1
Let l(u) = -u**2 + 2*u. Let n = -17 + 19. What is l(n)?
0
Let k be 36/24*(-10)/(-3). Let j(x) = x**3 - 4*x**2 - 4*x - 6. What is j(k)?
-1
Let m(s) = -2*s**2 + 5*s + 3. Let y(g) = -g**2 + g. Let r(l) = m(l) - y(l). Calculate r(3).
6
Let z(g) be the second derivative of -g**5/4 + g**3/3 + g**2/2 + 36*g. Determine z(-1).
4
Let r(z) = z**2 + 7*z + 7. Suppose 0 = -4*x - 13 - 7. Let t be r(x). Let g(f) = -f**3 - 3*f**2 - f + 3. Calculate g(t).
6
Let x(w) = -4*w + 9. Let a(d) = 2*d - 4. Suppose -y - 2*y + 3*u + 9 = 0, 0 = -y + 2*u. Let m = y + -3. Let h(b) = m*x(b) + 5*a(b). Give h(5).
-3
Let w(x) = -x**2 - x + 6. Let h be w(0). Let q(r) = -7*r + 9. Let i(g) = 6*g - 8. Let c(y) = h*i(y) + 5*q(y). Determine c(0).
-3
Let l(g) = g**3 + 11*g**2 - g - 4. Let b be l(-11). Let r(i) = 5*i + 0*i - i**3 + 0 - 6*i**2 - b. Determine r(-7).
7
Let z(p) = 2*p + 0*p - 3*p + 4 - 3. Give z(0).
1
Let p(q) = 0*q + q - 2*q. Let o be 4 + 1/(-2)*4. What is p(o)?
-2
Let t(y) be the third derivative of -y**6/360 + y**5/24 - y**4/4 - y**3/2 - 3*y**2. Let j(h) be the first derivative of t(h). Give j(5).
-6
Let a(v) be the first derivative of v**3 + v**2/2 - 4. Suppose 4*b - 3 = -7. Determine a(b).
2
Let g(p) be the second derivative of -2*p**5/5 + p**4/12 + p**3/6 + 44*p. Calculate g(-1).
8
Let v(m) be the second derivative of -m**6/720 - m**5/60 - m**4/6 - m. Let g(h) be the third derivative of v(h). Give g(-2).
0
Let r = 72 - 70. Let w(s) = 1 + 4*s - 2*s + 1 - 4. What is w(r)?
2
Suppose -21 = -5*j - 5*h + 24, -3*j + 22 = 2*h. Let q = 11 + -15. Let b = q + j. Let w(y) = -y - 5. Determine w(b).
-5
Let z(a) = 3*a + 6 - 2*a**2 - 2 + a**2 - 3. Let p be z(3). Let m(x) = -2*x - 5*x**3 + 0 + x**2 + 1 - 3*x**3. Give m(p).
-8
Let q(w) = -25*w + 14. Let o(a) = 12*a - 7. Let z(u) = 13*o(u) + 6*q(u). Let r(s) = s - 1. Let c(k) = 5*r(k) - z(k). Give c(4).
-2
Let o(i) = -i + 2*i + 0*i + 12 - 2*i. Let g be o(8). Suppose 0 = -g*l + l + 15. Let y(a) = a**2 - 5*a + 1. Determine y(l).
1
Let u be ((-16)/40)/(1/(-10)). Let p(l) = 2 - u + 1 + 3 - l. Calculate p(0).
2
Suppose 44*s = 42*s + 4. Let c(i) = 2*i + 1. Calculate c(s).
5
Let g(l) = 17*l + 5. Let s(n) = 15*n + 4. Let q(p) = 6*g(p) - 7*s(p). Calculate q(-2).
8
Let y(q) be the third derivative of -q**7/2520 + q**6/120 + q**5/20 + 3*q**2. Let o(u) be the third derivative of y(u). Calculate o(6).
-6
Let m(x) be the third derivative of -x**4/24 - 2*x**2. Let y be m(-6). Let h(q) = -q**2 + 7*q. Give h(y).
6
Suppose -5*g = -g + 12. Let x(l) = -7*l**3 - 9*l**2 + 5*l + 4. Let f(i) = 11*i**3 + 14*i**2 - 7*i - 6. Let v(u) = -5*f(u) - 8*x(u). Give v(g).
4
Let x be (26/3 - 8)/((-2)/(-21)). Let n(i) = 2*i + 2. Give n(x).
16
Let h(d) = 4 - d**2 - 18*d + 31*d - 16*d. Let g be 12/(-5) + (-4)/(-10). Let q = -7 - g. Calculate h(q).
-6
Suppose g + g - 30 = 0. Let z = g + -11. Let t(i) = i**3 - 4*i**2 - i + 4. Let q be t(z). Let n(b) = -b + 6. Calculate n(q).
6
Let l(k) = k + 6. Let f be l(-4). Suppose -f*i + 27 = i. Let q be (-68)/18 + (-2)/i. Let a(c) = -c**2 - 6*c - 6. Determine a(q).
2
Let c be 3/4 + 27/12. Let i(k) = -3 + k**c + 0 + 2 - k. Give i(0).
-1
Let i(m) = -96 + 7*m - m**2 + 98 - 2*m. Let s be 2*4/(-1 - -3). Determine i(s).
6
Let d = -8 + 16. Let h(s) = -3 - s**2 - 3 + d - 2*s. Let c = 3 - 6. Calculate h(c).
-1
Let k(q) = -2*q + 5 - q - 2*q - 4. Give k(1).
-4
Let z(r) be the first derivative of -r**3/3 - r**2 + 4*r + 13. What is z(-4)?
-4
Let m(q) be the third derivative of q**5/10 + q**4/24 + q**3/6 - 14*q**2. Calculate m(-1).
6
Let p(w) be the second derivative of 1/60*w**5 + 3*w - 1/6*w**3 + 0 + 0*w**2 + 0*w**4. Let h(v) be the second derivative of p(v). Calculate h(3).
6
Suppose 3*j = -3*c - 4 + 10, -2*j + 22 = -4*c. Let p(b) = -3*b - 3. What is p(c)?
6
Let x(a) = a - 2. Suppose 132 = -14*t + 34. Give x(t).
-9
Let h(v) be the first derivative of 2*v**3/3 - 3*v**2/2 + v - 1. What is h(2)?
3
Let r(c) = c**2 + c + 3. Let f = -5 - -10. Suppose f*u - 20 = u. Suppose -z + 3 - 4 = 0, -u*o + 3*z = -3. What is r(o)?
3
Let n(j) be the third derivative of j**6/120 - 7*j**5/60 + j**4/6 + j**3 - 7*j**